 c. Is c a prime number?
False
Suppose 4*c - 30 = c. Suppose -2*j = n - 4*j - c, -j - 5 = 0. Suppose a + 4*a - 110 = n. Is a prime?
False
Let l = -15 + 16. Let r(k) = -37*k - 2. Let s be r(l). Is 26/s*(-771)/2 a prime number?
True
Let y = 26279 + 30023. Is y composite?
True
Suppose -g = 2*g. Suppose 4*i = -z + 22, -3*z + 16 = -g*z + 2*i. Suppose -z*m + 1048 = 78. Is m a composite number?
True
Is (-1150 - 3/3)*95/(-19) composite?
True
Suppose 0 = -11*m + 22*m - 100991. Is m composite?
False
Suppose 0 = -5*m + 108201 - 27436. Is m prime?
False
Suppose -2*m - 4*j + 18674 = 0, 3*m + 4*j - 27991 = 3*j. Is m a prime number?
False
Suppose w = 2*c + 3*c - 6533, 4*w + 5236 = 4*c. Let i = c - 2540. Let f = -267 - i. Is f a composite number?
False
Suppose -3 = -3*v + 3. Suppose c = 5*c - v*y - 232, c - 58 = 5*y. Is c prime?
False
Let q = -8259 - -18963. Suppose 4*h + 3*p = q, -5*h + 3*p = -p - 13349. Suppose 5*m - 4*w - h = -w, 2701 = 5*m + 4*w. Is m prime?
False
Let r be 4/(-10) - (-3771)/15. Let l = r + -40. Is l composite?
False
Suppose d + y = 4*d - 19, 20 = 4*d + 4*y. Suppose 1 = n, l + 0*l = n - d. Let f(k) = -12*k - 7. Is f(l) composite?
False
Suppose v + 110 = -0*v. Let q be 378*((-14)/4)/(-7). Let p = v + q. Is p a prime number?
True
Suppose g - 18588 = 5*o, 26*o - 24*o + 37136 = 2*g. Is g prime?
False
Let y(z) = 3*z**2 + 29*z - 5. Let g be y(-10). Suppose -2*q = 2*q - g*r - 6165, q - 3*r = 1550. Is q prime?
False
Let t = -2265 - -990. Let g = 2194 + t. Is g a prime number?
True
Suppose -4*n + 78403 = -0*n + 3*g, 2*g = 10. Is n a prime number?
True
Let q be (2 - -1) + 0/(-10). Suppose -q*d + 388 = d. Suppose 5*l - 627 = -d. Is l composite?
True
Let k be ((-1)/2)/((-1646)/824 - -2). Is (-7 + k)*(-3)/9 prime?
True
Let d = -24 + 50. Suppose -3*w + 101 - d = 0. Is w prime?
False
Suppose -g - 2*h = -10, 0 = 4*h - 9*h + 15. Suppose -4*z - 1172 + 7944 = g*w, 1693 = w + 5*z. Is w prime?
True
Suppose 0 = -d + 267 - 63. Let i = d - 129. Suppose -2*r + 7*r = i. Is r prime?
False
Suppose -7*r - 1583 = 937. Is (-142)/(-4 + r/(-92)) a prime number?
False
Let b be (-1)/(-1 - 0)*4. Suppose -2*o + b*g + 942 = 0, 0*g = 5*o - 4*g - 2379. Is o composite?
False
Suppose 19*b - 20*b = 463. Let d = 956 + b. Is d composite?
True
Suppose 4*u + 2128 + 87 = f, -u - 6590 = -3*f. Is f a composite number?
True
Let t be -8*((-3)/(-6) + -1). Suppose -t*s + 1049 = -3*s. Is s a prime number?
True
Suppose -5*h + 6 = 4*c, -2*h - 4*c = 2*h - 8. Is 4026/4 - h/4 prime?
False
Let f(s) be the first derivative of -59*s**4/2 + s**3/3 - 3*s**2/2 - s + 38. Is f(-1) composite?
True
Suppose -3*a = a - 992. Let h = -158 + a. Suppose -h - 316 = -2*k. Is k prime?
False
Let t(j) = 3*j**2 - j - 2. Let u be t(2). Is 2/u - (-44540)/80 composite?
False
Let n = -2 + 18. Suppose 0 = 4*k - 2*k - n. Is 91/2 + 4/k a prime number?
False
Suppose -y - z + 3834 = 0, -3*y + 11514 = 2*z - 5*z. Suppose -2*t = 2*r - 1918, 0 = 3*t + t + 5*r - y. Is t composite?
True
Let c = -158 - -166. Is (-16668)/(-84) + c/14 a composite number?
False
Let u(m) = 78*m - 15. Let z(p) = 156*p - 31. Let a(k) = -9*u(k) + 4*z(k). Is a(-10) composite?
True
Let t(j) = j**3 - 2*j**2 - j - 1. Suppose -3 = 2*k - 3*k. Let d be t(k). Suppose 0*m - d*m + 1325 = 0. Is m composite?
True
Suppose -20*y + 104413 = -224167. Is y a prime number?
False
Let s(f) = 103*f**2 - 3*f - 1. Let p be s(3). Let k = 1385 - p. Let c = k - 95. Is c prime?
True
Let r(q) = 84*q**2 - 5*q - 3. Let y = -4 + 19. Let n = 11 - y. Is r(n) a composite number?
False
Let c(j) = 173*j**2 - 3*j + 13. Is c(3) composite?
True
Let l(g) = g**3 - 6*g**2 - 3*g + 3. Suppose -x + 4*x + 15 = 0. Let c be l(x). Is 18/(-12) - c/2 prime?
True
Let c(x) = -x**2 + 8*x + 11. Let r be c(9). Suppose 0 = r*i - i - 538. Suppose 3*m - 5*k - i - 120 = 0, 2*m = -2*k + 412. Is m a composite number?
False
Suppose 2*b - 4 = 4, 5*b + 256 = 3*i. Suppose i - 462 = -2*s. Is s a prime number?
False
Suppose 5*g + 35 = -10. Is (18/g)/(-3*(-2)/(-35661)) composite?
False
Let k = 97 + 2512. Is k a composite number?
False
Is (-2)/15*-5*(-35553)/(-14) composite?
False
Suppose -3*h + 4 + 8 = 0. Suppose -5*x = 2*r + r - 8413, 2*x = h*r + 3386. Is x a prime number?
False
Let g(k) = k**3 - 12*k**2 - 14*k - 12. Let l be g(12). Let a = 407 - l. Is a a composite number?
False
Suppose 18*j + 0*j = 236178. Is j prime?
True
Suppose 0 = 8*i - 10*i + 10. Suppose -3*l = 3*h - 804, h + 7*l - i*l = 272. Let x = h - 137. Is x a prime number?
True
Is (1500 - 1)*(-5)/(-5) prime?
True
Suppose -5*s + 28851 = -2*g - 24098, 2*s - 21188 = 5*g. Is s a composite number?
False
Let t(p) = p**3 - 8*p**2 + 25*p + 19. Is t(18) a composite number?
False
Let c(v) = -17*v**2 + 5*v - 2. Let t(i) = 8*i**2 - 2*i + 1. Let k = -13 - -17. Let s(x) = k*c(x) + 9*t(x). Is s(-2) a composite number?
False
Let x(b) = -3*b**3 - 11*b**2 + 16*b. Let o be x(-12). Suppose -5*v = 3*g - 1082 - o, 3*g - 3595 = -4*v. Is v a prime number?
False
Suppose 0 = n - 2*u - 176, u + 0 + 1 = 0. Let x = n + -420. Let b = 545 + x. Is b a composite number?
True
Let v = -83 + 83. Suppose -3*j + 759 = -v*j. Is j composite?
True
Let c be (-1)/(-2 - 7/(-4)). Let l(w) = 5*w**2 - 3*w. Let y be l(c). Is 3/1 + y/2 composite?
False
Suppose i - 14*h = -19*h + 248, 2*h - 10 = 0. Is i a prime number?
True
Suppose 4*r = -4*m - 102 - 290, 3*m = -r - 298. Let g(l) = l**3 + 10*l**2 - 8*l + 25. Let b be g(-12). Let d = m - b. Is d prime?
True
Let u = -13807 - -21708. Is u a composite number?
False
Suppose 0 = -2*h - 0*h + 4. Let u = h + 267. Suppose 5*m = 1524 - u. Is m prime?
True
Suppose 0 = 3*v + 3, -4*a + 5*v + 641 = -924. Let k = a - -365. Let s = -268 + k. Is s a prime number?
True
Let c(l) = 13*l**3 - 8*l**2 - 2*l + 13. Let b be 24/4 + (-3 - -2 - -1). Is c(b) a prime number?
True
Suppose 2*f - 2*t = 4*f - 20258, -8 = 2*t. Is f composite?
False
Suppose 0 - 20 = -4*d. Suppose -2*l + 2*i + 20 = 0, -16 + 6 = -3*l - i. Suppose -w + d*z - 149 = -3*w, -l*w + 4*z = -455. Is w a prime number?
False
Let w be (-3)/4*-4 + -1 + 1759. Let p = w + -1042. Is p prime?
True
Is (-2 - (-20)/12)/((-3)/43587) a composite number?
True
Suppose -17603 = -4*o + 2*c + 31337, -2*o + 4*c = -24458. Is o a prime number?
False
Let z = -3524 + 6155. Is z prime?
False
Suppose z - 8 = -m + 13, -4*m = -3*z + 77. Let u = 1 - 1. Suppose u*j = -j + z. Is j prime?
True
Suppose -2*y = -4*d + 5746, 3*y = 5*d - 1314 - 5866. Is d a prime number?
True
Suppose -9*f - 25605 = -18*f. Is f prime?
False
Let j be ((-3 + 3)/2)/(-1). Is 1 - -582 - (j + -4) prime?
True
Let x(u) = -u**2 - 11*u + 2. Let w be x(-11). Suppose -1088 + 2766 = w*o. Is o a prime number?
True
Suppose 10*f = 17*f - 84. Is (-3)/f + (-1493)/(-4) a composite number?
False
Let u be (10 - -2) + (1 - -3). Suppose u*s - 21*s = -10. Is ((-5)/(-15))/(s/786) a prime number?
True
Let r be (3 - (-24110)/15) + (-2)/(-3). Suppose -10*s + r = -s. Is s a composite number?
False
Suppose 47291 = 18*f - 18175. Is f composite?
False
Let z be 1770/6 + (0 - 1 - -3). Suppose z = 6*t - 117. Is t composite?
True
Let r(x) = 6145*x**2 + 11*x - 13. Is r(1) composite?
False
Suppose 12*j + 5270 = -24970. Is (-2)/(j/628 + 4) composite?
False
Suppose 7*r - 7 = 7. Suppose -5*p = r*a - 1063, a = -5*p + 4*a + 1043. Is p prime?
True
Suppose -2*u = 624 - 5718. Suppose -u = 2*p + p. Let t = -440 - p. Is t composite?
False
Let u = 38824 - 6075. Is u a composite number?
False
Suppose -8*u + 31719 = -11761. Is u a prime number?
False
Is ((-764)/(-6))/(3/(-36)*-8) composite?
False
Let l(n) = 3*n**2 - n - 2. Let y be l(-1). Suppose -y*f - 1655 = -7*f. Let z = -197 + f. Is z composite?
True
Let y = -612 - -1022. Suppose 2*p - 3*p - y = -5*b, -p = 4*b - 337. Is b a prime number?
True
Let u = -149 + 335. Suppose -3*r + u = -429. Is r composite?
True
Let w = 1024 + -522. Suppose w = 2*u + 76. Is u a prime number?
False
Let y = 1255 + 1854. Is y a composite number?
False
Suppose 17*s + 8913 - 165194 = 0. Is s a prime number?
False
Suppose 3*t + 28 + 23 = 5*q, 3*t - 9 = 0. Let h(p) = 2101*p + 5. Let k be h(-1). Is (-3)/(4/(k/q)) prime?
True
Suppose h + 2972 = n, -4*n - h + 10582 = -1301. Is n a prime number?
True
Suppose -4*m = 4*m - 632. Suppose y = -4*w + m, 5*y - 55 = 4*y + 4*w. Is y a prime number?
True
Let t